 a be (-2314)/14 + (-161)/(-49) + -3. Let v = 69 - a. What is the hundreds digit of v?
2
Suppose 3118 = 48*f - 85010. What is the hundreds digit of f?
8
Let q(l) = 9*l + 125. Let j(h) = -h + 36. Let k be j(8). What is the units digit of q(k)?
7
Let r(s) = s**3 - 65*s**2 + 346*s - 5. What is the thousands digit of r(62)?
9
Let r(o) = o**2 - 9*o - 132. Let v be r(16). What is the hundreds digit of (v/18)/(6/(-7506))?
3
Let o(r) = -74*r + 6687. What is the hundreds digit of o(-31)?
9
Suppose 79*x = 1617 + 2096. Suppose s - t = 124 - 13, 5*s = t + 551. Suppose -s = -n + x. What is the tens digit of n?
5
Suppose -3707 = -5*q + 1523. What is the thousands digit of q?
1
What is the ten thousands digit of (-75)/(391782/15672 - 25)?
6
Let v(t) = 8*t + 5. Suppose -4*u = 5*d + 6, 0*u = -4*d - 3*u - 5. Let m be v(d). Let q(y) = -y**3 - 12*y**2 - 19*y - 7. What is the units digit of q(m)?
1
Let m(w) = -4*w + 15. Let y be m(13). Let z = 47 + y. Suppose -8*j - 96 = -z*j. What is the tens digit of j?
4
Let i(t) = -7176*t - 240. What is the units digit of i(-6)?
6
Let p = 1472 - 766. Let k = p + -360. What is the units digit of k?
6
Suppose -174*i + 96*i = -273000. What is the tens digit of i?
0
Let t be 3*1/9 + (-1155)/9. What is the tens digit of (-1792)/t + -4 + (2 - 1)?
1
Let u(n) = -19*n**3 - 2*n. Let b be u(-2). Let h be 2037/399 - (-2)/(-19). Suppose -z + h*z - b = 0. What is the units digit of z?
9
Suppose 7*u = 5814 + 20667. What is the units digit of u?
3
Suppose 16*n + 30260 = 153860. What is the hundreds digit of n?
7
Suppose 7*q + 441651 = 5*c + 4*q, -c - q + 88335 = 0. What is the thousands digit of c?
8
Suppose 5*b + 39579 = 417774. What is the tens digit of b?
3
Let g = -10 + 14. Suppose 2*x - 390 = -d, -g*d = -8*d + 4*x + 1608. What is the units digit of d?
8
Suppose -3*d = 2*d - 15. Suppose k = 2*i - 934, i - 1868 = -3*i - d*k. What is the hundreds digit of i?
4
Let r(j) = -j**3 + 27*j**2 - 28*j - 51. Let t = 734 - 712. What is the hundreds digit of r(t)?
7
Let c(x) = -x + 15. Let f be c(15). Suppose -8*b + 5165 - 277 = f. What is the hundreds digit of b?
6
Suppose 181942 - 1856218 = -42*j - 40*j. What is the tens digit of j?
1
Suppose -28*f + 30*f + 3*v = -23, -41 = 4*f + 5*v. Let g(a) = a**2 - 2*a + 24. What is the units digit of g(f)?
8
What is the tens digit of 13 + -11 + -11 + 22 + 74939?
5
Let v = 64855 - 35691. What is the hundreds digit of v?
1
Suppose -36*q + 31*q = -20. Suppose -5*s + 65 = -m - q*s, -2*m - 5*s = 130. What is the units digit of (-2)/(-13) - 9870/m?
2
Let t(v) = -v**2 + 6*v - 7. Let l be t(5). Let c(g) be the second derivative of 11*g**4/12 - g**3/6 - 9*g. What is the tens digit of c(l)?
4
Suppose 5*p = 20, -4*q + 4*p = -5*q + 16. What is the units digit of 14/8*-1*(q + -4)?
7
Let g(s) = -5*s**2 - 10*s. Let v(p) = 11*p**2 + 21*p. Let k(m) = -13*g(m) - 6*v(m). Let d be k(3). Suppose 0*w - d*w + 216 = 0. What is the tens digit of w?
7
Let m = -108 + 59. Let h = -44 - m. What is the tens digit of h/(-3)*126/(-6)?
3
Let s = 15749 - 9634. What is the hundreds digit of s?
1
Let a be 3*-83*(-18 + 17). Suppose -4*q = k - 789, -1224 + a = -5*q - 5*k. Suppose -5*w = -14*w + q. What is the tens digit of w?
2
What is the units digit of -1317*(-24)/27 - 4/84*-7?
1
Let i(x) = -2*x**2 - 56*x + 51. Let z be i(-26). Suppose w + 2 = 0, -5*w - z - 77 = -3*l. What is the tens digit of l?
7
Let n = 13 - 7. Suppose 0 = n*j + 3*j - 9990. What is the thousands digit of j?
1
Let k(g) = g**3 + 31*g**2 + 15*g + 18. Let o be k(-30). What is the hundreds digit of (o/(-8))/(3/(-8))?
1
Let z be 1104/(-18)*(-36 - 0). Suppose z = -11*a + 17*a. What is the units digit of a?
8
Let b(p) = -6*p + 11. Let y be 1*10/(-2) + 0/(-1). Let u(v) = v - 1. Let c(j) = y*u(j) - b(j). What is the tens digit of c(19)?
1
What is the thousands digit of (-2298415)/(-189) - (-2)/27?
2
What is the hundreds digit of 20/42*324/(-180) + (-65848)/(-7)?
4
Suppose -22894 = -4*f - 2*n, -3*f - 3661 = -2*n - 20849. What is the hundreds digit of f?
7
Let i(d) = 2*d**3 + 70*d**2 - 56*d - 37. Let n be i(-29). Suppose -273*m = -256*m - n. What is the tens digit of m?
8
What is the hundreds digit of 8310 + (-27)/(3 + -6) + (-14 - -8)?
3
Let m(b) = b**2 + 12*b + 571. What is the units digit of m(-65)?
6
Suppose 222 = 19*z - 1659. Suppose -2*o = -4*t - 2592, -z*t + 1287 = o - 98*t. What is the hundreds digit of o?
2
Let d(n) = -n**2 + 12*n + 12. Let c be d(12). Suppose -c*y + 4585 = -5*y. Suppose -5*z + 0*z + y = 0. What is the tens digit of z?
3
Suppose 0 = 5*q - 3*k - 110, 11 = -2*q + k + 54. What is the units digit of (36/(-1))/(-2) - (-23 + q)?
2
Let b(m) = -88*m + 20. Let n be b(-2). Let h = -115 + n. What is the units digit of h?
1
Let n be ((-1 - 0)*74)/(-2). Suppose 0*a + a + n = -4*u, 3*u = 2*a + 30. What is the tens digit of ((-32)/(-6))/((-86)/a - 4)?
5
What is the ten thousands digit of (22425 - (-17)/17)*2/4?
1
Let q(d) = 26*d - 8. Let w be q(10). Suppose 4*z = 10*z + w. What is the units digit of ((-198)/54)/(2/z)?
7
Let u(v) be the first derivative of -7*v**2/2 + 28*v - 9. Let c be u(-4). Suppose c*r = 60*r - 648. What is the hundreds digit of r?
1
Suppose 42 = -14*q + 21*q. Suppose -6*f - q = -1368. What is the units digit of f?
7
Suppose 0 = -20*t + 245 - 25. Suppose -m + 0*m + 4*o = 0, -2*o = -2*m. Suppose m*q = -t*q + 627. What is the tens digit of q?
5
Suppose 0 = -9*f + 5*b + 989 + 34118, -b - 15597 = -4*f. What is the hundreds digit of f?
8
Let b be 6/4 + 3/((-42)/203). What is the units digit of 6 + 902 + b - 0/(-2)?
5
Suppose 3 = 4*r - 5*b + 36, -5*b = r - 23. What is the tens digit of (2444/(-329))/(r/28)?
0
Suppose -2010450 = -2110*i + 2045*i. What is the hundreds digit of i?
9
Suppose 5*c - 107129 + 89989 = 0. What is the tens digit of c?
2
Let r = 18496 + -18504. Let c be ((-8)/(-3))/((-2)/21). What is the hundreds digit of (r/3)/(c/1302)?
1
Let v(n) = n**2 - 5*n + 17. Let d be v(5). Let r be (-2)/9 + (-2744)/(-36). Let b = r - d. What is the units digit of b?
9
Suppose -3525*r = -2*s - 3521*r + 115384, 3*s - r = 173056. What is the thousands digit of s?
7
Let g(q) = -2250*q - 926. What is the hundreds digit of g(-2)?
5
What is the thousands digit of (-28)/(364/(-39)) + 6444 + -1?
6
What is the tens digit of (8/(-1))/(((-14)/(-16324))/(-1))?
2
Let q(p) = 5*p + 75. Let k be q(-5). What is the hundreds digit of 2/10 - 2*(-5095)/k?
2
Let h(n) = -12525*n**3 + 6*n**2 + 2*n - 1. Let w be h(-1). Suppose 122*j - 113*j - w = 0. What is the units digit of j?
2
Suppose -7*d + 21 + 0 = 0. Suppose -9 - 9 = d*j. Let i(y) = -12*y + 9. What is the units digit of i(j)?
1
Let q = 28528 + -17720. What is the thousands digit of q?
0
Let k(h) be the third derivative of -9*h**4/8 - 5*h**3/6 + 2*h**2. Suppose 0 = -l - 5, -a - 24 = 4*l - 1. What is the units digit of k(a)?
6
Let p = -11065 + 22589. What is the hundreds digit of p?
5
Suppose 2098428 = 63*k + 38580. What is the hundreds digit of k?
6
Let j(t) = -5 + 8*t + 13*t - 22*t - 2. Let v be j(-10). Suppose 7*k = v*k + 96. What is the units digit of k?
4
Suppose -46*l + 49*l = -3*b + 271587, 2*l = -3*b + 271578. What is the units digit of b?
0
Suppose 4*k = 4*q - 64, 8 - 4 = -k. What is the hundreds digit of 2156/q*(-12)/(-4)?
5
Let g = 116 + -102. Suppose s + 11 - g = 0. Suppose -814 = -8*o - s*o. What is the tens digit of o?
7
Suppose 0 = -120*u + 217019 + 926941. What is the thousands digit of u?
9
Let j(n) = 2*n**2 - 4*n + 6. Let b be j(6). Suppose 114*m - 107*m - 42 = 0. Suppose b = 4*u - m. What is the tens digit of u?
1
Let w = -440 - -479. Suppose -4*t - 8 = -2*q + 10, 5*q = -4*t + 59. Let k = w + q. What is the tens digit of k?
5
Suppose m - 2177 = 2*y, -2*y - 6531 = -3*m - 5*y. Let t = -1297 + m. What is the units digit of t?
0
Suppose -5*s + v - 4458 + 319 = 0, 3*s + 2485 = v. Let p = s - -1320. What is the tens digit of p?
9
Let p(q) = 36334*q**3 - 5*q**2 + 33*q - 28. What is the units digit of p(1)?
4
Suppose -4*w + 4*t = -13884, -20*w + 19*w + 3447 = 5*t. What is the thousands digit of w?
3
Let m(r) = r**3 - 5*r**2 - 8*r + 44. Let q be m(5). What is the hundreds digit of 2684/6 - q/(-6)?
4
Let w(t) = -9*t - 10*t + 8*t + 35. Let r be w(-17). Suppose 20*s - r = 17*s. What is the tens digit of s?
7
Suppose -3*i = -